ands digit of 100519?
0
What is the thousands digit of 12889?
2
What is the units digit of 10433?
3
What is the thousands digit of 1255?
1
What is the units digit of 98991?
1
What is the ten thousands digit of 11339?
1
What is the units digit of 2637?
7
What is the tens digit of 1103?
0
What is the tens digit of 18303?
0
What is the tens digit of 636?
3
What is the hundreds digit of 3953?
9
What is the thousands digit of 10759?
0
What is the thousands digit of 127102?
7
What is the tens digit of 2481?
8
What is the units digit of 55639?
9
What is the thousands digit of 60847?
0
What is the hundreds digit of 1306?
3
What is the tens digit of 10369?
6
What is the units digit of 144?
4
What is the units digit of 850?
0
What is the tens digit of 216?
1
What is the hundreds digit of 1096?
0
What is the units digit of 30208?
8
What is the tens digit of 2508?
0
What is the units digit of 2980?
0
What is the tens digit of 22?
2
What is the thousands digit of 4434?
4
What is the units digit of 1908?
8
What is the tens digit of 2605?
0
What is the tens digit of 790?
9
What is the hundreds digit of 3098?
0
What is the tens digit of 3000?
0
What is the ten thousands digit of 121698?
2
What is the units digit of 93826?
6
What is the hundreds digit of 110919?
9
What is the ten thousands digit of 12174?
1
What is the units digit of 24996?
6
What is the tens digit of 787?
8
What is the tens digit of 1798?
9
What is the tens digit of 2685?
8
What is the hundreds digit of 2455?
4
What is the tens digit of 700?
0
What is the thousands digit of 23069?
3
What is the units digit of 46962?
2
What is the hundreds digit of 952?
9
What is the thousands digit of 1746?
1
What is the tens digit of 1554?
5
What is the tens digit of 9252?
5
What is the tens digit of 113715?
1
What is the hundreds digit of 2098?
0
What is the units digit of 780?
0
What is the tens digit of 5102?
0
What is the units digit of 1003?
3
What is the units digit of 12662?
2
What is the ten thousands digit of 10827?
1
What is the thousands digit of 14080?
4
What is the units digit of 156?
6
What is the tens digit of 3795?
9
What is the thousands digit of 1253?
1
What is the hundreds digit of 34214?
2
What is the units digit of 69805?
5
What is the units digit of 29384?
4
What is the tens digit of 496?
9
What is the hundreds digit of 24830?
8
What is the units digit of 14069?
9
What is the tens digit of 2838?
3
What is the hundreds digit of 470?
4
What is the ten thousands digit of 77604?
7
What is the units digit of 1349?
9
What is the thousands digit of 1959?
1
What is the hundreds digit of 6630?
6
What is the ten thousands digit of 134049?
3
What is the thousands digit of 94839?
4
What is the thousands digit of 3551?
3
What is the hundreds digit of 1945?
9
What is the hundreds digit of 894?
8
What is the units digit of 5604?
4
What is the hundreds digit of 17928?
9
What is the hundreds digit of 2857?
8
What is the ten thousands digit of 16475?
1
What is the thousands digit of 2217?
2
What is the hundreds digit of 5357?
3
What is the tens digit of 767?
6
What is the thousands digit of 8231?
8
What is the tens digit of 1645?
4
What is the ten thousands digit of 30863?
3
What is the ten thousands digit of 24910?
2
What is the tens digit of 22298?
9
What is the units digit of 5419?
9
What is the tens digit of 11393?
9
What is the ten thousands digit of 24474?
2
What is the hundreds digit of 2425?
4
What is the units digit of 52732?
2
What is the hundreds digit of 401?
4
What is the hundreds digit of 7417?
4
What is the units digit of 1469?
9
What is the tens digit of 340?
4
What is the tens digit of 1561?
6
What is the hundreds digit of 105170?
1
What is the thousands digit of 131183?
1
What is the hundreds digit of 2269?
2
What is the thousands digit of 23205?
3
What is the thousands digit of 9850?
9
What is the units digit of 1613?
3
What is the tens digit of 12152?
5
What is the tens digit of 1051?
5
What is the tens digit of 62403?
0
What is the units digit of 1387?
7
What is the units digit of 1491?
1
What is the hundreds digit of 4403?
4
What is the tens digit of 1282?
8
What is the ten thousands digit of 64910?
6
What is the hundreds digit of 37232?
2
What is the tens digit of 1431?
3
What is the units digit of 1161?
1
What is the hundreds digit of 12235?
2
What is the thousands digit of 32331?
2
What is the thousands digit of 2098?
2
What is the tens digit of 3680?
8
What is the tens digit of 11268?
6
What is the tens digit of 8367?
6
What is the tens digit of 10481?
8
What is the thousands digit of 23895?
3
What is the thousands digit of 34763?
4
What is the tens digit of 13067?
6
What is the tens digit of 10663?
6
What is the hundreds digit of 76083?
0
What is the hundreds digit of 5845?
8
What is the units digit of 30938?
8
What is the units digit of 22615?
5
What is the units digit of 7614?
4
What is the tens digit of 468?
6
What is the hundreds digit of 4625?
6
What is the hundreds digit of 116081?
0
What is the units digit of 7111?
1
What is the tens digit of 1504?
0
What is the units digit of 1476?
6
What is the tens digit of 19144?
4
What is the hundreds digit of 985?
9
What is the tens digit of 12950?
5
What is the thousands digit of 32664?
2
What is the thousands digit of 6724?
6
What is the units digit of 78014?
4
What is the units digit of 678?
8
What is the thousands digit of 187524?
7
What is the thousands digit of 10299?
0
What is the tens digit of 949?
4
What is the thousands digit of 11360?
1
What is the thousands digit of 3366?
3
What is the tens digit of 83?
8
What is the thousands digit of 82319?
2
What is the units digit of 23643?
3
What is the tens digit of 5930?
3
What is the units digit of 16971?
1
What is the thousands digit of 5330?
5
What is the tens digit of 3227?
2
What is the units digit of 181?
1
What is the tens digit of 11105?
0
What is the hundreds digit of 24754?
7
What is the tens digit of 240?
4
What is the tens digit of 2505?
0
What is the thousands digit of 2965?
2
What is the hundreds digit of 13799?
7
What is the hundreds digit of 195867?
8
What is the thousands digit of 11916?
1
What is the tens digit of 552?
5
What is the tens digit of 19001?
0
What is the tens digit of 32723?
2
What is the units digit of 1758?
8
What is the hundreds digit of 809?
8
What is the tens digit of 18462?
6
What is the units digit of 479?
9
What is the units digit of 27060?
0
What is the hundreds digit of 7955?
9
What is the hundreds digit of 2549?
5
What is the hundreds digit of 4925?
9
What is the hundreds digit of 554?
5
What is the units digit of 24901?
1
What is the thousands digit of 2277?
2
What is the hundreds digit of 3943?
9
What is the units digit of 748?
8
What is the ten thousands digit of 10293?
1
What is the ten thousands digit of 28315?
2
What is the tens digit of 342?
4
What is the hundreds digit of 6111?
1
What is the hundreds digit of 501?
5
What is the ten thousands digit of 27162?
2
What is the hundreds digit of 2695?
6
What is the tens digit of 4878?
7
What is the tens digit of 28621?
2
What is the hundreds digit of 80016?
0
What is the thousands digit of 125009?
5
What is the units digit of 7415?
5
What is the tens digit of 34012?
1
What is the units digit of 445?
5
What is the units digit of 163?
3
What is the ten thousands digit of 11011?
1
What is the units digit of 918?
8
What is the units digit of 31630?
0
What is the tens digit of 4308?
0
What is the tens digit of 6533?
3
What is the hundred thousands digit of 116330?
1
What is the hundreds digit of 7514?
5
What is the thousands digit of 41131?
1
What is the hundreds digit of 1708?
7
What is the units digit of 34845?
5
What is the ten thousands digit of 58275?
5
What is the units digit of 39424?
4
What is the units digit of 475?
5
What is the tens digit of 1413?
1
What is the units digit of 728?
8
What is the units digit of 1154?
4
What is the hundreds digit of 3068?
0
What is the units digit of 2520?
0
What is the hundreds digit of 833?
8
What is the thousands digit of 5152?
5
What is the hundreds digit of 2489?
4
What is the tens digit of 15380?
8
What is the ten thousands digit of 70056?
7
What is the tens digit of 724?
2
What is the units digit of 395?
5
What is the tens digit of 2574?
7